{"id":2770,"date":"2020-11-19T18:25:17","date_gmt":"2020-11-19T17:25:17","guid":{"rendered":"http:\/\/www.fondazionemorra.org\/?post_type=tribe_events&#038;p=2770"},"modified":"2020-11-19T18:25:17","modified_gmt":"2020-11-19T17:25:17","slug":"lo-schermo-in-tavola-percorsi-cinegastronomici","status":"publish","type":"tribe_events","link":"https:\/\/www.fondazionemorra.org\/it\/evento\/lo-schermo-in-tavola-percorsi-cinegastronomici\/","title":{"rendered":"Lo schermo in tavola \u2013 percorsi cinegastronomici"},"content":{"rendered":"<p><strong>25 luglio 2016<\/strong><br \/>\nINIZIO PROIEZIONE ORE 21:00<br \/>\n<strong>Belvedere del Museo Nitsch\u00a0<\/strong><br \/>\nVico Lungo Pontecorvo 29\/d, Napoli<\/p>\n<p><em>In occasione dell\u2019ultimo appuntamento della rassegna cinematografica <strong>Cibo &amp; Cinema<\/strong><\/em>, curata da <strong>Mario Franco<\/strong>, organizzata e promossa dalla <strong>Fondazione Morra<\/strong>, che ha visto svolgersi la proiezione di pellicole con ambientazioni o temi legati all\u2019arte culinaria, il <strong>Belvedere del Museo Nitsch<\/strong> ha accolto un fuori programma. Luned\u00ec 25 luglio 2016 alle ore 21:00 \u00e8 stato proiettato sulla terrazza del museo il mediometraggio del saggista e critico cinematografico napoletano <strong>Alberto Castellano<\/strong>, <strong><em>Lo schermo in tavola<\/em><\/strong>, co-curato con <strong>Carlo Sgambato<\/strong>. \u201cSono centinaia i titoli che fin dai tempi del cinema muto hanno affrontato il rapporto in generale tra il cinema e il cibo, che hanno rappresentato e raccontato l\u2019atto del mangiare e del bere, i riti e i miti della tavola\u201d, cos\u00ec Castellano nell\u2019introdurre il suo lavoro. Lo schermo in tavola \u00e8 un montaggio che \u201cracchiude film fondamentali sull&#8217;argomento che naturalmente non lo esauriscono, ma offrono una campionatura quanto pi\u00f9 indicativa delle infinite possibilit\u00e0 di rappresentazione cinematografica della gastronomia evidenziando alcuni sotto filoni: la povert\u00e0 e la ricchezza, il mangiare per necessit\u00e0 e l\u2019ostentazione di opulenza, il piacere del cibo e della buona tavola e l\u2019alimentazione \u2018mordi e fuggi\u2019, i casi estremi simbolici e i rituali da cinema di serie B\u201d. La presentazione del mediometraggio \u00e8 stata seguita dal film <em><strong>Mangiare Bere Uomo Donna<\/strong><\/em> del regista taiwanese <strong>Ang Lee<\/strong>.<\/p>\n<p>Programmazione<\/p>\n<p><strong>LO SCHERMO IN TAVOLA<\/strong><br \/>\nItalia, 2008<br \/>\nRegia: Alberto Castellano e Carlo Sgambato<br \/>\nDurata:30 minuti<br \/>\nOre 21:45<\/p>\n<p><strong>MANGIARE BERE UOMO DONNA<\/strong><br \/>\nYinshi Nan Nu &#8211; Eat Drink Man Woman, USA-Taiw. 1994<br \/>\nRegia: Ang Lee<br \/>\nDurata: 123 minuti<\/p>\n","protected":false},"excerpt":{"rendered":"<p>25 luglio 2016 INIZIO PROIEZIONE ORE 21:00 Belvedere del Museo Nitsch\u00a0 Vico Lungo Pontecorvo 29\/d, Napoli In occasione dell\u2019ultimo appuntamento della rassegna cinematografica Cibo &amp; Cinema, curata da Mario Franco,<a class=\"excerpt-read-more\" href=\"https:\/\/www.fondazionemorra.org\/it\/evento\/lo-schermo-in-tavola-percorsi-cinegastronomici\/\" title=\"ReadLo schermo in tavola \u2013 percorsi cinegastronomici\">&#8230; Read more &raquo;<\/a><\/p>\n","protected":false},"author":1,"featured_media":0,"template":"","meta":{"_acf_changed":false,"_tribe_events_status":"","_tribe_events_status_reason":"","footnotes":""},"tags":[],"tribe_events_cat":[15],"class_list":["post-2770","tribe_events","type-tribe_events","status-publish","hentry","tribe_events_cat-museo-nitsch","cat_museo-nitsch"],"acf":[],"yoast_head":"<!-- This site is optimized with the Yoast SEO plugin v27.4 - https:\/\/yoast.com\/product\/yoast-seo-wordpress\/ -->\n<title>Lo schermo in tavola \u2013 percorsi cinegastronomici - Fondazione Morra<\/title>\n<meta name=\"robots\" content=\"index, follow, max-snippet:-1, max-image-preview:large, max-video-preview:-1\" \/>\n<link rel=\"canonical\" href=\"https:\/\/www.fondazionemorra.org\/it\/evento\/lo-schermo-in-tavola-percorsi-cinegastronomici\/\" \/>\n<meta property=\"og:locale\" content=\"it_IT\" \/>\n<meta property=\"og:type\" content=\"article\" \/>\n<meta property=\"og:title\" content=\"Lo schermo in tavola \u2013 percorsi cinegastronomici - Fondazione Morra\" \/>\n<meta property=\"og:description\" content=\"25 luglio 2016 INIZIO PROIEZIONE ORE 21:00 Belvedere del Museo Nitsch\u00a0 Vico Lungo Pontecorvo 29\/d, Napoli In occasione dell\u2019ultimo appuntamento della rassegna cinematografica Cibo &amp; Cinema, curata da Mario Franco,... Read more &raquo;\" \/>\n<meta property=\"og:url\" content=\"https:\/\/www.fondazionemorra.org\/it\/evento\/lo-schermo-in-tavola-percorsi-cinegastronomici\/\" \/>\n<meta property=\"og:site_name\" content=\"Fondazione Morra\" \/>\n<meta name=\"twitter:card\" content=\"summary_large_image\" \/>\n<meta name=\"twitter:label1\" content=\"Tempo di lettura stimato\" \/>\n\t<meta name=\"twitter:data1\" content=\"1 minuto\" \/>\n<script type=\"application\/ld+json\" class=\"yoast-schema-graph\">{\"@context\":\"https:\\\/\\\/schema.org\",\"@graph\":[{\"@type\":\"WebPage\",\"@id\":\"https:\\\/\\\/www.fondazionemorra.org\\\/it\\\/evento\\\/lo-schermo-in-tavola-percorsi-cinegastronomici\\\/\",\"url\":\"https:\\\/\\\/www.fondazionemorra.org\\\/it\\\/evento\\\/lo-schermo-in-tavola-percorsi-cinegastronomici\\\/\",\"name\":\"Lo schermo in tavola \u2013 percorsi cinegastronomici - Fondazione Morra\",\"isPartOf\":{\"@id\":\"https:\\\/\\\/www.fondazionemorra.org\\\/it\\\/#website\"},\"datePublished\":\"2020-11-19T17:25:17+00:00\",\"breadcrumb\":{\"@id\":\"https:\\\/\\\/www.fondazionemorra.org\\\/it\\\/evento\\\/lo-schermo-in-tavola-percorsi-cinegastronomici\\\/#breadcrumb\"},\"inLanguage\":\"it-IT\",\"potentialAction\":[{\"@type\":\"ReadAction\",\"target\":[\"https:\\\/\\\/www.fondazionemorra.org\\\/it\\\/evento\\\/lo-schermo-in-tavola-percorsi-cinegastronomici\\\/\"]}]},{\"@type\":\"BreadcrumbList\",\"@id\":\"https:\\\/\\\/www.fondazionemorra.org\\\/it\\\/evento\\\/lo-schermo-in-tavola-percorsi-cinegastronomici\\\/#breadcrumb\",\"itemListElement\":[{\"@type\":\"ListItem\",\"position\":1,\"name\":\"Home\",\"item\":\"https:\\\/\\\/www.fondazionemorra.org\\\/it\\\/\"},{\"@type\":\"ListItem\",\"position\":2,\"name\":\"Eventi\",\"item\":\"https:\\\/\\\/www.fondazionemorra.org\\\/it\\\/eventi\\\/\"},{\"@type\":\"ListItem\",\"position\":3,\"name\":\"Lo schermo in tavola \u2013 percorsi cinegastronomici\"}]},{\"@type\":\"WebSite\",\"@id\":\"https:\\\/\\\/www.fondazionemorra.org\\\/it\\\/#website\",\"url\":\"https:\\\/\\\/www.fondazionemorra.org\\\/it\\\/\",\"name\":\"Fondazione Morra\",\"description\":\"\",\"publisher\":{\"@id\":\"https:\\\/\\\/www.fondazionemorra.org\\\/it\\\/#organization\"},\"potentialAction\":[{\"@type\":\"SearchAction\",\"target\":{\"@type\":\"EntryPoint\",\"urlTemplate\":\"https:\\\/\\\/www.fondazionemorra.org\\\/it\\\/?s={search_term_string}\"},\"query-input\":{\"@type\":\"PropertyValueSpecification\",\"valueRequired\":true,\"valueName\":\"search_term_string\"}}],\"inLanguage\":\"it-IT\"},{\"@type\":\"Organization\",\"@id\":\"https:\\\/\\\/www.fondazionemorra.org\\\/it\\\/#organization\",\"name\":\"Fondazione Morra\",\"url\":\"https:\\\/\\\/www.fondazionemorra.org\\\/it\\\/\",\"logo\":{\"@type\":\"ImageObject\",\"inLanguage\":\"it-IT\",\"@id\":\"https:\\\/\\\/www.fondazionemorra.org\\\/it\\\/#\\\/schema\\\/logo\\\/image\\\/\",\"url\":\"https:\\\/\\\/www.fondazionemorra.org\\\/wp-content\\\/uploads\\\/2021\\\/02\\\/logo.png\",\"contentUrl\":\"https:\\\/\\\/www.fondazionemorra.org\\\/wp-content\\\/uploads\\\/2021\\\/02\\\/logo.png\",\"width\":106,\"height\":114,\"caption\":\"Fondazione Morra\"},\"image\":{\"@id\":\"https:\\\/\\\/www.fondazionemorra.org\\\/it\\\/#\\\/schema\\\/logo\\\/image\\\/\"}}]}<\/script>\n<!-- \/ Yoast SEO plugin. -->","yoast_head_json":{"title":"Lo schermo in tavola \u2013 percorsi cinegastronomici - Fondazione Morra","robots":{"index":"index","follow":"follow","max-snippet":"max-snippet:-1","max-image-preview":"max-image-preview:large","max-video-preview":"max-video-preview:-1"},"canonical":"https:\/\/www.fondazionemorra.org\/it\/evento\/lo-schermo-in-tavola-percorsi-cinegastronomici\/","og_locale":"it_IT","og_type":"article","og_title":"Lo schermo in tavola \u2013 percorsi cinegastronomici - Fondazione Morra","og_description":"25 luglio 2016 INIZIO PROIEZIONE ORE 21:00 Belvedere del Museo Nitsch\u00a0 Vico Lungo Pontecorvo 29\/d, Napoli In occasione dell\u2019ultimo appuntamento della rassegna cinematografica Cibo &amp; Cinema, curata da Mario Franco,... Read more &raquo;","og_url":"https:\/\/www.fondazionemorra.org\/it\/evento\/lo-schermo-in-tavola-percorsi-cinegastronomici\/","og_site_name":"Fondazione Morra","twitter_card":"summary_large_image","twitter_misc":{"Tempo di lettura stimato":"1 minuto"},"schema":{"@context":"https:\/\/schema.org","@graph":[{"@type":"WebPage","@id":"https:\/\/www.fondazionemorra.org\/it\/evento\/lo-schermo-in-tavola-percorsi-cinegastronomici\/","url":"https:\/\/www.fondazionemorra.org\/it\/evento\/lo-schermo-in-tavola-percorsi-cinegastronomici\/","name":"Lo schermo in tavola \u2013 percorsi cinegastronomici - Fondazione Morra","isPartOf":{"@id":"https:\/\/www.fondazionemorra.org\/it\/#website"},"datePublished":"2020-11-19T17:25:17+00:00","breadcrumb":{"@id":"https:\/\/www.fondazionemorra.org\/it\/evento\/lo-schermo-in-tavola-percorsi-cinegastronomici\/#breadcrumb"},"inLanguage":"it-IT","potentialAction":[{"@type":"ReadAction","target":["https:\/\/www.fondazionemorra.org\/it\/evento\/lo-schermo-in-tavola-percorsi-cinegastronomici\/"]}]},{"@type":"BreadcrumbList","@id":"https:\/\/www.fondazionemorra.org\/it\/evento\/lo-schermo-in-tavola-percorsi-cinegastronomici\/#breadcrumb","itemListElement":[{"@type":"ListItem","position":1,"name":"Home","item":"https:\/\/www.fondazionemorra.org\/it\/"},{"@type":"ListItem","position":2,"name":"Eventi","item":"https:\/\/www.fondazionemorra.org\/it\/eventi\/"},{"@type":"ListItem","position":3,"name":"Lo schermo in tavola \u2013 percorsi cinegastronomici"}]},{"@type":"WebSite","@id":"https:\/\/www.fondazionemorra.org\/it\/#website","url":"https:\/\/www.fondazionemorra.org\/it\/","name":"Fondazione Morra","description":"","publisher":{"@id":"https:\/\/www.fondazionemorra.org\/it\/#organization"},"potentialAction":[{"@type":"SearchAction","target":{"@type":"EntryPoint","urlTemplate":"https:\/\/www.fondazionemorra.org\/it\/?s={search_term_string}"},"query-input":{"@type":"PropertyValueSpecification","valueRequired":true,"valueName":"search_term_string"}}],"inLanguage":"it-IT"},{"@type":"Organization","@id":"https:\/\/www.fondazionemorra.org\/it\/#organization","name":"Fondazione Morra","url":"https:\/\/www.fondazionemorra.org\/it\/","logo":{"@type":"ImageObject","inLanguage":"it-IT","@id":"https:\/\/www.fondazionemorra.org\/it\/#\/schema\/logo\/image\/","url":"https:\/\/www.fondazionemorra.org\/wp-content\/uploads\/2021\/02\/logo.png","contentUrl":"https:\/\/www.fondazionemorra.org\/wp-content\/uploads\/2021\/02\/logo.png","width":106,"height":114,"caption":"Fondazione Morra"},"image":{"@id":"https:\/\/www.fondazionemorra.org\/it\/#\/schema\/logo\/image\/"}}]}},"_links":{"self":[{"href":"https:\/\/www.fondazionemorra.org\/it\/wp-json\/wp\/v2\/tribe_events\/2770","targetHints":{"allow":["GET"]}}],"collection":[{"href":"https:\/\/www.fondazionemorra.org\/it\/wp-json\/wp\/v2\/tribe_events"}],"about":[{"href":"https:\/\/www.fondazionemorra.org\/it\/wp-json\/wp\/v2\/types\/tribe_events"}],"author":[{"embeddable":true,"href":"https:\/\/www.fondazionemorra.org\/it\/wp-json\/wp\/v2\/users\/1"}],"version-history":[{"count":1,"href":"https:\/\/www.fondazionemorra.org\/it\/wp-json\/wp\/v2\/tribe_events\/2770\/revisions"}],"predecessor-version":[{"id":2771,"href":"https:\/\/www.fondazionemorra.org\/it\/wp-json\/wp\/v2\/tribe_events\/2770\/revisions\/2771"}],"wp:attachment":[{"href":"https:\/\/www.fondazionemorra.org\/it\/wp-json\/wp\/v2\/media?parent=2770"}],"wp:term":[{"taxonomy":"post_tag","embeddable":true,"href":"https:\/\/www.fondazionemorra.org\/it\/wp-json\/wp\/v2\/tags?post=2770"},{"taxonomy":"tribe_events_cat","embeddable":true,"href":"https:\/\/www.fondazionemorra.org\/it\/wp-json\/wp\/v2\/tribe_events_cat?post=2770"}],"curies":[{"name":"wp","href":"https:\/\/api.w.org\/{rel}","templated":true}]}}

<p><strong>25 luglio 2016</strong><br />
INIZIO PROIEZIONE ORE 21:00<br />
<strong>Belvedere del Museo Nitsch </strong><br />
Vico Lungo Pontecorvo 29/d, Napoli</p>
<p><em>In occasione dell’ultimo appuntamento della rassegna cinematografica <strong>Cibo &amp; Cinema</strong></em>, curata da <strong>Mario Franco</strong>, organizzata e promossa dalla <strong>Fondazione Morra</strong>, che ha visto svolgersi la proiezione di pellicole con ambientazioni o temi legati all’arte culinaria, il <strong>Belvedere del Museo Nitsch</strong> ha accolto un fuori programma. Lunedì 25 luglio 2016 alle ore 21:00 è stato proiettato sulla terrazza del museo il mediometraggio del saggista e critico cinematografico napoletano <strong>Alberto Castellano</strong>, <strong><em>Lo schermo in tavola</em></strong>, co-curato con <strong>Carlo Sgambato</strong>. “Sono centinaia i titoli che fin dai tempi del cinema muto hanno affrontato il rapporto in generale tra il cinema e il cibo, che hanno rappresentato e raccontato l’atto del mangiare e del bere, i riti e i miti della tavola”, così Castellano nell’introdurre il suo lavoro. Lo schermo in tavola è un montaggio che “racchiude film fondamentali sull&#8217;argomento che naturalmente non lo esauriscono, ma offrono una campionatura quanto più indicativa delle infinite possibilità di rappresentazione cinematografica della gastronomia evidenziando alcuni sotto filoni: la povertà e la ricchezza, il mangiare per necessità e l’ostentazione di opulenza, il piacere del cibo e della buona tavola e l’alimentazione ‘mordi e fuggi’, i casi estremi simbolici e i rituali da cinema di serie B”. La presentazione del mediometraggio è stata seguita dal film <em><strong>Mangiare Bere Uomo Donna</strong></em> del regista taiwanese <strong>Ang Lee</strong>.</p>
<p>Programmazione</p>
<p><strong>LO SCHERMO IN TAVOLA</strong><br />
Italia, 2008<br />
Regia: Alberto Castellano e Carlo Sgambato<br />
Durata:30 minuti<br />
Ore 21:45</p>
<p><strong>MANGIARE BERE UOMO DONNA</strong><br />
Yinshi Nan Nu &#8211; Eat Drink Man Woman, USA-Taiw. 1994<br />
Regia: Ang Lee<br />
Durata: 123 minuti</p>
